{"id":3926,"date":"2022-02-22T16:34:20","date_gmt":"2022-02-22T15:34:20","guid":{"rendered":"https:\/\/kvetenaodlesa.cz\/?page_id=3926"},"modified":"2023-04-24T12:20:06","modified_gmt":"2023-04-24T10:20:06","slug":"kytice-dekorace","status":"publish","type":"page","link":"https:\/\/www.kvetenaodlesa.cz\/?page_id=3926","title":{"rendered":"P\u0159\u00edrodn\u00ed kytice"},"content":{"rendered":"\t\t<div data-elementor-type=\"wp-page\" data-elementor-id=\"3926\" class=\"elementor elementor-3926\" data-elementor-settings=\"[]\">\n\t\t\t\t\t\t\t<div class=\"elementor-section-wrap\">\n\t\t\t\t\t\t\t<section class=\"elementor-section elementor-top-section elementor-element elementor-element-3cb490ac elementor-section-boxed elementor-section-height-default elementor-section-height-default\" data-id=\"3cb490ac\" data-element_type=\"section\" data-settings=\"{&quot;jet_parallax_layout_list&quot;:[{&quot;jet_parallax_layout_image&quot;:{&quot;url&quot;:&quot;&quot;,&quot;id&quot;:&quot;&quot;},&quot;_id&quot;:&quot;7545b29&quot;,&quot;jet_parallax_layout_image_tablet&quot;:{&quot;url&quot;:&quot;&quot;,&quot;id&quot;:&quot;&quot;},&quot;jet_parallax_layout_image_mobile&quot;:{&quot;url&quot;:&quot;&quot;,&quot;id&quot;:&quot;&quot;},&quot;jet_parallax_layout_speed&quot;:{&quot;unit&quot;:&quot;%&quot;,&quot;size&quot;:50,&quot;sizes&quot;:[]},&quot;jet_parallax_layout_type&quot;:&quot;scroll&quot;,&quot;jet_parallax_layout_direction&quot;:null,&quot;jet_parallax_layout_fx_direction&quot;:null,&quot;jet_parallax_layout_z_index&quot;:&quot;&quot;,&quot;jet_parallax_layout_bg_x&quot;:50,&quot;jet_parallax_layout_bg_x_tablet&quot;:&quot;&quot;,&quot;jet_parallax_layout_bg_x_mobile&quot;:&quot;&quot;,&quot;jet_parallax_layout_bg_y&quot;:50,&quot;jet_parallax_layout_bg_y_tablet&quot;:&quot;&quot;,&quot;jet_parallax_layout_bg_y_mobile&quot;:&quot;&quot;,&quot;jet_parallax_layout_bg_size&quot;:&quot;auto&quot;,&quot;jet_parallax_layout_bg_size_tablet&quot;:&quot;&quot;,&quot;jet_parallax_layout_bg_size_mobile&quot;:&quot;&quot;,&quot;jet_parallax_layout_animation_prop&quot;:&quot;transform&quot;,&quot;jet_parallax_layout_on&quot;:[&quot;desktop&quot;,&quot;tablet&quot;]}]}\">\n\t\t\t\t\t\t<div class=\"elementor-container elementor-column-gap-default\">\n\t\t\t\t\t<div class=\"elementor-column elementor-col-100 elementor-top-column elementor-element elementor-element-be96adf\" data-id=\"be96adf\" data-element_type=\"column\">\n\t\t\t<div class=\"elementor-widget-wrap elementor-element-populated\">\n\t\t\t\t\t\t\t\t<div class=\"elementor-element elementor-element-fd98683 elementor-widget elementor-widget-text-editor\" data-id=\"fd98683\" data-element_type=\"widget\" data-widget_type=\"text-editor.default\">\n\t\t\t\t<div class=\"elementor-widget-container\">\n\t\t\t<style>\/*! elementor - v3.5.5 - 03-02-2022 *\/\n.elementor-widget-text-editor.elementor-drop-cap-view-stacked .elementor-drop-cap{background-color:#818a91;color:#fff}.elementor-widget-text-editor.elementor-drop-cap-view-framed .elementor-drop-cap{color:#818a91;border:3px solid;background-color:transparent}.elementor-widget-text-editor:not(.elementor-drop-cap-view-default) .elementor-drop-cap{margin-top:8px}.elementor-widget-text-editor:not(.elementor-drop-cap-view-default) .elementor-drop-cap-letter{width:1em;height:1em}.elementor-widget-text-editor .elementor-drop-cap{float:left;text-align:center;line-height:1;font-size:50px}.elementor-widget-text-editor .elementor-drop-cap-letter{display:inline-block}<\/style>\t\t\t\t<p>Nab\u00edz\u00edme tak\u00e9 m\u00e9n\u011b form\u00e1ln\u00ed a\u00a0 p\u0159\u00edrodn\u00ed kytice, kter\u00e9 m\u016f\u017eete vyu\u017e\u00edt jako d\u00e1rek, okrasu m\u00e9n\u011b form\u00e1ln\u00edch m\u00edst nebo t\u0159eba na svatbu v p\u0159\u00edrodn\u00edch t\u00f3nech.<\/p>\n<p>Vzhled kytic z\u00e1vis\u00ed na sez\u00f3n\u011b a dostupnosti materi\u00e1l\u016f.<\/p>\n<p>V\u00fdhodou je, \u017ee \u0161et\u0159\u00edme na\u0161i p\u0159\u00edrodu o spousty chemik\u00e1li\u00ed, nafty a n\u011bkdy tak\u00e9 pen\u011bz (pokud jsou rostliny &#8222;divok\u00e9&#8220;).<\/p>\t\t\t\t\t\t<\/div>\n\t\t\t\t<\/div>\n\t\t\t\t<div class=\"elementor-element elementor-element-91ab9fb elementor-widget elementor-widget-spacer\" data-id=\"91ab9fb\" data-element_type=\"widget\" data-widget_type=\"spacer.default\">\n\t\t\t\t<div class=\"elementor-widget-container\">\n\t\t\t\t\t<div class=\"elementor-spacer\">\n\t\t\t<div class=\"elementor-spacer-inner\"><\/div>\n\t\t<\/div>\n\t\t\t\t<\/div>\n\t\t\t\t<\/div>\n\t\t\t\t<div class=\"elementor-element elementor-element-3ec2eb25 elementor-widget elementor-widget-text-editor\" data-id=\"3ec2eb25\" data-element_type=\"widget\" data-widget_type=\"text-editor.default\">\n\t\t\t\t<div class=\"elementor-widget-container\">\n\t\t\t\t\t\t\t<!-- wp:gallery {\"ids\":[3936,3928,3929,3930,3931,3932,3927,3933,3934,3935,3937,3938],\"linkTo\":\"none\"} -->\n<figure class=\"wp-block-gallery columns-3 is-cropped\"><ul class=\"blocks-gallery-grid\"><li class=\"blocks-gallery-item\"><figure><img loading=\"lazy\" width=\"4000\" height=\"3000\" src=\"https:\/\/kvetenaodlesa.cz\/wp-content\/uploads\/2022\/02\/IMG_20210630_065749.jpg\" alt=\"\" data-id=\"3936\" data-link=\"https:\/\/kvetenaodlesa.cz\/?attachment_id=3936\" class=\"wp-image-3936\"\/><\/figure><\/li><li class=\"blocks-gallery-item\"><figure><img loading=\"lazy\" width=\"2928\" height=\"4265\" src=\"https:\/\/kvetenaodlesa.cz\/wp-content\/uploads\/2022\/02\/2-8.jpg\" alt=\"\" data-id=\"3928\" data-link=\"https:\/\/kvetenaodlesa.cz\/?attachment_id=3928\" class=\"wp-image-3928\"\/><\/figure><\/li><li class=\"blocks-gallery-item\"><figure><img loading=\"lazy\" width=\"1080\" height=\"1080\" src=\"https:\/\/kvetenaodlesa.cz\/wp-content\/uploads\/2022\/02\/41022970_243692409625661_1835093840290119680_n.jpg\" alt=\"\" data-id=\"3929\" data-link=\"https:\/\/kvetenaodlesa.cz\/?attachment_id=3929\" class=\"wp-image-3929\"\/><\/figure><\/li><li class=\"blocks-gallery-item\"><figure><img loading=\"lazy\" width=\"1080\" height=\"1350\" src=\"https:\/\/kvetenaodlesa.cz\/wp-content\/uploads\/2022\/02\/50946006_293488314646070_6098297619753205760_n.jpg\" alt=\"\" data-id=\"3930\" data-link=\"https:\/\/kvetenaodlesa.cz\/?attachment_id=3930\" class=\"wp-image-3930\"\/><\/figure><\/li><li class=\"blocks-gallery-item\"><figure><img loading=\"lazy\" width=\"1080\" height=\"1080\" src=\"https:\/\/kvetenaodlesa.cz\/wp-content\/uploads\/2022\/02\/51095857_293453671316201_607082730957570048_n.jpg\" alt=\"\" data-id=\"3931\" data-link=\"https:\/\/kvetenaodlesa.cz\/?attachment_id=3931\" class=\"wp-image-3931\"\/><\/figure><\/li><li class=\"blocks-gallery-item\"><figure><img loading=\"lazy\" width=\"1197\" height=\"1197\" src=\"https:\/\/kvetenaodlesa.cz\/wp-content\/uploads\/2022\/02\/190638739_793096174685279_1581778027604842617_n.jpg\" alt=\"\" data-id=\"3932\" data-link=\"https:\/\/kvetenaodlesa.cz\/?attachment_id=3932\" class=\"wp-image-3932\"\/><\/figure><\/li><li class=\"blocks-gallery-item\"><figure><img loading=\"lazy\" width=\"2988\" height=\"4445\" src=\"https:\/\/kvetenaodlesa.cz\/wp-content\/uploads\/2022\/02\/1-9.jpg\" alt=\"\" data-id=\"3927\" data-link=\"https:\/\/kvetenaodlesa.cz\/?attachment_id=3927\" class=\"wp-image-3927\"\/><\/figure><\/li><li class=\"blocks-gallery-item\"><figure><img loading=\"lazy\" width=\"3024\" height=\"4032\" src=\"https:\/\/kvetenaodlesa.cz\/wp-content\/uploads\/2022\/02\/IMG_20190521_182818.jpg\" alt=\"\" data-id=\"3933\" data-link=\"https:\/\/kvetenaodlesa.cz\/?attachment_id=3933\" class=\"wp-image-3933\"\/><\/figure><\/li><li class=\"blocks-gallery-item\"><figure><img loading=\"lazy\" width=\"3024\" height=\"4032\" src=\"https:\/\/kvetenaodlesa.cz\/wp-content\/uploads\/2022\/02\/IMG_20190521_191331.jpg\" alt=\"\" data-id=\"3934\" data-link=\"https:\/\/kvetenaodlesa.cz\/?attachment_id=3934\" class=\"wp-image-3934\"\/><\/figure><\/li><li class=\"blocks-gallery-item\"><figure><img loading=\"lazy\" width=\"4000\" height=\"3000\" src=\"https:\/\/kvetenaodlesa.cz\/wp-content\/uploads\/2022\/02\/IMG_20210620_130126.jpg\" alt=\"\" data-id=\"3935\" data-link=\"https:\/\/kvetenaodlesa.cz\/?attachment_id=3935\" class=\"wp-image-3935\"\/><\/figure><\/li><li class=\"blocks-gallery-item\"><figure><img loading=\"lazy\" width=\"4000\" height=\"3000\" src=\"https:\/\/kvetenaodlesa.cz\/wp-content\/uploads\/2022\/02\/IMG_20210726_170544.jpg\" alt=\"\" data-id=\"3937\" data-link=\"https:\/\/kvetenaodlesa.cz\/?attachment_id=3937\" class=\"wp-image-3937\"\/><\/figure><\/li><li class=\"blocks-gallery-item\"><figure><img loading=\"lazy\" width=\"684\" height=\"768\" src=\"https:\/\/kvetenaodlesa.cz\/wp-content\/uploads\/2022\/02\/IMG_20210927_140859_942.jpg\" alt=\"\" data-id=\"3938\" data-link=\"https:\/\/kvetenaodlesa.cz\/?attachment_id=3938\" class=\"wp-image-3938\"\/><\/figure><\/li><\/ul><\/figure>\n<!-- \/wp:gallery -->\t\t\t\t\t\t<\/div>\n\t\t\t\t<\/div>\n\t\t\t\t\t<\/div>\n\t\t<\/div>\n\t\t\t\t\t\t\t<\/div>\n\t\t<\/section>\n\t\t\t\t\t\t<\/div>\n\t\t\t\t\t<\/div>\n\t\t","protected":false},"excerpt":{"rendered":"<p>Nab\u00edz\u00edme tak\u00e9 m\u00e9n\u011b form\u00e1ln\u00ed a\u00a0 p\u0159\u00edrodn\u00ed kytice, kter\u00e9 m\u016f\u017eete vyu\u017e\u00edt jako d\u00e1rek, okrasu m\u00e9n\u011b form\u00e1ln\u00edch m\u00edst nebo t\u0159eba na svatbu v p\u0159\u00edrodn\u00edch t\u00f3nech. Vzhled kytic z\u00e1vis\u00ed na sez\u00f3n\u011b a dostupnosti materi\u00e1l\u016f. V\u00fdhodou je, \u017ee \u0161et\u0159\u00edme na\u0161i p\u0159\u00edrodu o spousty chemik\u00e1li\u00ed, nafty a n\u011bkdy tak\u00e9 pen\u011bz (pokud jsou rostliny &#8222;divok\u00e9&#8220;).<\/p>\n","protected":false},"author":1,"featured_media":0,"parent":0,"menu_order":0,"comment_status":"closed","ping_status":"closed","template":"","meta":{"ngg_post_thumbnail":0},"yoast_head":"<!-- This site is optimized with the Yoast SEO plugin v18.2 - https:\/\/yoast.com\/wordpress\/plugins\/seo\/ -->\n<title>P\u0159\u00edrodn\u00ed kytice - Zahradn\u00ed a floristck\u00e9 slu\u017eby<\/title>\n<meta name=\"robots\" content=\"index, follow, max-snippet:-1, max-image-preview:large, max-video-preview:-1\" \/>\n<link rel=\"canonical\" href=\"https:\/\/www.kvetenaodlesa.cz\/?page_id=3926\" \/>\n<meta property=\"og:locale\" content=\"cs_CZ\" \/>\n<meta property=\"og:type\" content=\"article\" \/>\n<meta property=\"og:title\" content=\"P\u0159\u00edrodn\u00ed kytice - Zahradn\u00ed a floristck\u00e9 slu\u017eby\" \/>\n<meta property=\"og:description\" content=\"Nab\u00edz\u00edme tak\u00e9 m\u00e9n\u011b form\u00e1ln\u00ed a\u00a0 p\u0159\u00edrodn\u00ed kytice, kter\u00e9 m\u016f\u017eete vyu\u017e\u00edt jako d\u00e1rek, okrasu m\u00e9n\u011b form\u00e1ln\u00edch m\u00edst nebo t\u0159eba na svatbu v p\u0159\u00edrodn\u00edch t\u00f3nech. Vzhled kytic z\u00e1vis\u00ed na sez\u00f3n\u011b a dostupnosti materi\u00e1l\u016f. V\u00fdhodou je, \u017ee \u0161et\u0159\u00edme na\u0161i p\u0159\u00edrodu o spousty chemik\u00e1li\u00ed, nafty a n\u011bkdy tak\u00e9 pen\u011bz (pokud jsou rostliny &#8222;divok\u00e9&#8220;).\" \/>\n<meta property=\"og:url\" content=\"https:\/\/www.kvetenaodlesa.cz\/?page_id=3926\" \/>\n<meta property=\"og:site_name\" content=\"Zahradn\u00ed a floristck\u00e9 slu\u017eby\" \/>\n<meta property=\"article:publisher\" content=\"https:\/\/www.facebook.com\/kvetenaodlesa\" \/>\n<meta property=\"article:modified_time\" content=\"2023-04-24T10:20:06+00:00\" \/>\n<meta property=\"og:image\" content=\"https:\/\/kvetenaodlesa.cz\/wp-content\/uploads\/2022\/02\/IMG_20210630_065749.jpg\" \/>\n<meta name=\"twitter:card\" content=\"summary_large_image\" \/>\n<script type=\"application\/ld+json\" class=\"yoast-schema-graph\">{\"@context\":\"https:\/\/schema.org\",\"@graph\":[{\"@type\":\"Organization\",\"@id\":\"https:\/\/www.kvetenaodlesa.cz\/#organization\",\"name\":\"Kv\u011btena od Lesa\",\"url\":\"https:\/\/www.kvetenaodlesa.cz\/\",\"sameAs\":[\"https:\/\/www.facebook.com\/kvetenaodlesa\",\"https:\/\/www.instagram.com\/kvetenaodlesa\/\"],\"logo\":{\"@type\":\"ImageObject\",\"@id\":\"https:\/\/www.kvetenaodlesa.cz\/#logo\",\"inLanguage\":\"cs\",\"url\":\"https:\/\/www.kvetenaodlesa.cz\/wp-content\/uploads\/2022\/04\/zahradni_floristicke_sluzby.png\",\"contentUrl\":\"https:\/\/www.kvetenaodlesa.cz\/wp-content\/uploads\/2022\/04\/zahradni_floristicke_sluzby.png\",\"width\":1500,\"height\":1500,\"caption\":\"Kv\u011btena od Lesa\"},\"image\":{\"@id\":\"https:\/\/www.kvetenaodlesa.cz\/#logo\"}},{\"@type\":\"WebSite\",\"@id\":\"https:\/\/www.kvetenaodlesa.cz\/#website\",\"url\":\"https:\/\/www.kvetenaodlesa.cz\/\",\"name\":\"Zahradn\u00ed a floristck\u00e9 slu\u017eby\",\"description\":\"Va\u0161e zahrada, na\u0161e v\u00e1\u0161e\u0148 - n\u00e1vrhy, realizace a \u00fadr\u017eba zahrad s l\u00e1skou k p\u0159\u00edrod\u011b. Jste z Prahy \u010di okol\u00ed? Ozv\u011bte se a u\u017e\u00edvejte si Va\u0161i zahradu a pr\u00e1ci nechte na n\u00e1s.\",\"publisher\":{\"@id\":\"https:\/\/www.kvetenaodlesa.cz\/#organization\"},\"potentialAction\":[{\"@type\":\"SearchAction\",\"target\":{\"@type\":\"EntryPoint\",\"urlTemplate\":\"https:\/\/www.kvetenaodlesa.cz\/?s={search_term_string}\"},\"query-input\":\"required name=search_term_string\"}],\"inLanguage\":\"cs\"},{\"@type\":\"ImageObject\",\"@id\":\"https:\/\/www.kvetenaodlesa.cz\/?page_id=3926#primaryimage\",\"inLanguage\":\"cs\",\"url\":\"https:\/\/kvetenaodlesa.cz\/wp-content\/uploads\/2022\/02\/IMG_20210630_065749.jpg\",\"contentUrl\":\"https:\/\/kvetenaodlesa.cz\/wp-content\/uploads\/2022\/02\/IMG_20210630_065749.jpg\"},{\"@type\":\"WebPage\",\"@id\":\"https:\/\/www.kvetenaodlesa.cz\/?page_id=3926#webpage\",\"url\":\"https:\/\/www.kvetenaodlesa.cz\/?page_id=3926\",\"name\":\"P\u0159\u00edrodn\u00ed kytice - Zahradn\u00ed a floristck\u00e9 slu\u017eby\",\"isPartOf\":{\"@id\":\"https:\/\/www.kvetenaodlesa.cz\/#website\"},\"primaryImageOfPage\":{\"@id\":\"https:\/\/www.kvetenaodlesa.cz\/?page_id=3926#primaryimage\"},\"datePublished\":\"2022-02-22T15:34:20+00:00\",\"dateModified\":\"2023-04-24T10:20:06+00:00\",\"breadcrumb\":{\"@id\":\"https:\/\/www.kvetenaodlesa.cz\/?page_id=3926#breadcrumb\"},\"inLanguage\":\"cs\",\"potentialAction\":[{\"@type\":\"ReadAction\",\"target\":[\"https:\/\/www.kvetenaodlesa.cz\/?page_id=3926\"]}]},{\"@type\":\"BreadcrumbList\",\"@id\":\"https:\/\/www.kvetenaodlesa.cz\/?page_id=3926#breadcrumb\",\"itemListElement\":[{\"@type\":\"ListItem\",\"position\":1,\"name\":\"Dom\u016f\",\"item\":\"https:\/\/www.kvetenaodlesa.cz\/\"},{\"@type\":\"ListItem\",\"position\":2,\"name\":\"P\u0159\u00edrodn\u00ed kytice\"}]}]}<\/script>\n<!-- \/ Yoast SEO plugin. -->","yoast_head_json":{"title":"P\u0159\u00edrodn\u00ed kytice - Zahradn\u00ed a floristck\u00e9 slu\u017eby","robots":{"index":"index","follow":"follow","max-snippet":"max-snippet:-1","max-image-preview":"max-image-preview:large","max-video-preview":"max-video-preview:-1"},"canonical":"https:\/\/www.kvetenaodlesa.cz\/?page_id=3926","og_locale":"cs_CZ","og_type":"article","og_title":"P\u0159\u00edrodn\u00ed kytice - Zahradn\u00ed a floristck\u00e9 slu\u017eby","og_description":"Nab\u00edz\u00edme tak\u00e9 m\u00e9n\u011b form\u00e1ln\u00ed a\u00a0 p\u0159\u00edrodn\u00ed kytice, kter\u00e9 m\u016f\u017eete vyu\u017e\u00edt jako d\u00e1rek, okrasu m\u00e9n\u011b form\u00e1ln\u00edch m\u00edst nebo t\u0159eba na svatbu v p\u0159\u00edrodn\u00edch t\u00f3nech. Vzhled kytic z\u00e1vis\u00ed na sez\u00f3n\u011b a dostupnosti materi\u00e1l\u016f. V\u00fdhodou je, \u017ee \u0161et\u0159\u00edme na\u0161i p\u0159\u00edrodu o spousty chemik\u00e1li\u00ed, nafty a n\u011bkdy tak\u00e9 pen\u011bz (pokud jsou rostliny &#8222;divok\u00e9&#8220;).","og_url":"https:\/\/www.kvetenaodlesa.cz\/?page_id=3926","og_site_name":"Zahradn\u00ed a floristck\u00e9 slu\u017eby","article_publisher":"https:\/\/www.facebook.com\/kvetenaodlesa","article_modified_time":"2023-04-24T10:20:06+00:00","og_image":[{"url":"https:\/\/kvetenaodlesa.cz\/wp-content\/uploads\/2022\/02\/IMG_20210630_065749.jpg"}],"twitter_card":"summary_large_image","schema":{"@context":"https:\/\/schema.org","@graph":[{"@type":"Organization","@id":"https:\/\/www.kvetenaodlesa.cz\/#organization","name":"Kv\u011btena od Lesa","url":"https:\/\/www.kvetenaodlesa.cz\/","sameAs":["https:\/\/www.facebook.com\/kvetenaodlesa","https:\/\/www.instagram.com\/kvetenaodlesa\/"],"logo":{"@type":"ImageObject","@id":"https:\/\/www.kvetenaodlesa.cz\/#logo","inLanguage":"cs","url":"https:\/\/www.kvetenaodlesa.cz\/wp-content\/uploads\/2022\/04\/zahradni_floristicke_sluzby.png","contentUrl":"https:\/\/www.kvetenaodlesa.cz\/wp-content\/uploads\/2022\/04\/zahradni_floristicke_sluzby.png","width":1500,"height":1500,"caption":"Kv\u011btena od Lesa"},"image":{"@id":"https:\/\/www.kvetenaodlesa.cz\/#logo"}},{"@type":"WebSite","@id":"https:\/\/www.kvetenaodlesa.cz\/#website","url":"https:\/\/www.kvetenaodlesa.cz\/","name":"Zahradn\u00ed a floristck\u00e9 slu\u017eby","description":"Va\u0161e zahrada, na\u0161e v\u00e1\u0161e\u0148 - n\u00e1vrhy, realizace a \u00fadr\u017eba zahrad s l\u00e1skou k p\u0159\u00edrod\u011b. Jste z Prahy \u010di okol\u00ed? Ozv\u011bte se a u\u017e\u00edvejte si Va\u0161i zahradu a pr\u00e1ci nechte na n\u00e1s.","publisher":{"@id":"https:\/\/www.kvetenaodlesa.cz\/#organization"},"potentialAction":[{"@type":"SearchAction","target":{"@type":"EntryPoint","urlTemplate":"https:\/\/www.kvetenaodlesa.cz\/?s={search_term_string}"},"query-input":"required name=search_term_string"}],"inLanguage":"cs"},{"@type":"ImageObject","@id":"https:\/\/www.kvetenaodlesa.cz\/?page_id=3926#primaryimage","inLanguage":"cs","url":"https:\/\/kvetenaodlesa.cz\/wp-content\/uploads\/2022\/02\/IMG_20210630_065749.jpg","contentUrl":"https:\/\/kvetenaodlesa.cz\/wp-content\/uploads\/2022\/02\/IMG_20210630_065749.jpg"},{"@type":"WebPage","@id":"https:\/\/www.kvetenaodlesa.cz\/?page_id=3926#webpage","url":"https:\/\/www.kvetenaodlesa.cz\/?page_id=3926","name":"P\u0159\u00edrodn\u00ed kytice - Zahradn\u00ed a floristck\u00e9 slu\u017eby","isPartOf":{"@id":"https:\/\/www.kvetenaodlesa.cz\/#website"},"primaryImageOfPage":{"@id":"https:\/\/www.kvetenaodlesa.cz\/?page_id=3926#primaryimage"},"datePublished":"2022-02-22T15:34:20+00:00","dateModified":"2023-04-24T10:20:06+00:00","breadcrumb":{"@id":"https:\/\/www.kvetenaodlesa.cz\/?page_id=3926#breadcrumb"},"inLanguage":"cs","potentialAction":[{"@type":"ReadAction","target":["https:\/\/www.kvetenaodlesa.cz\/?page_id=3926"]}]},{"@type":"BreadcrumbList","@id":"https:\/\/www.kvetenaodlesa.cz\/?page_id=3926#breadcrumb","itemListElement":[{"@type":"ListItem","position":1,"name":"Dom\u016f","item":"https:\/\/www.kvetenaodlesa.cz\/"},{"@type":"ListItem","position":2,"name":"P\u0159\u00edrodn\u00ed kytice"}]}]}},"_links":{"self":[{"href":"https:\/\/www.kvetenaodlesa.cz\/index.php?rest_route=\/wp\/v2\/pages\/3926"}],"collection":[{"href":"https:\/\/www.kvetenaodlesa.cz\/index.php?rest_route=\/wp\/v2\/pages"}],"about":[{"href":"https:\/\/www.kvetenaodlesa.cz\/index.php?rest_route=\/wp\/v2\/types\/page"}],"author":[{"embeddable":true,"href":"https:\/\/www.kvetenaodlesa.cz\/index.php?rest_route=\/wp\/v2\/users\/1"}],"replies":[{"embeddable":true,"href":"https:\/\/www.kvetenaodlesa.cz\/index.php?rest_route=%2Fwp%2Fv2%2Fcomments&post=3926"}],"version-history":[{"count":3,"href":"https:\/\/www.kvetenaodlesa.cz\/index.php?rest_route=\/wp\/v2\/pages\/3926\/revisions"}],"predecessor-version":[{"id":3941,"href":"https:\/\/www.kvetenaodlesa.cz\/index.php?rest_route=\/wp\/v2\/pages\/3926\/revisions\/3941"}],"wp:attachment":[{"href":"https:\/\/www.kvetenaodlesa.cz\/index.php?rest_route=%2Fwp%2Fv2%2Fmedia&parent=3926"}],"curies":[{"name":"wp","href":"https:\/\/api.w.org\/{rel}","templated":true}]}}